{"id":7,"date":"2015-04-01T14:55:35","date_gmt":"2015-04-01T12:55:35","guid":{"rendered":"http:\/\/www.havermeyer.de\/?page_id=7"},"modified":"2019-08-25T20:36:37","modified_gmt":"2019-08-25T18:36:37","slug":"impressum","status":"publish","type":"page","link":"http:\/\/www.havermeyer.de\/?page_id=7","title":{"rendered":"\u00dcber mich"},"content":{"rendered":"<figure id=\"attachment_8\" aria-describedby=\"caption-attachment-8\" style=\"width: 150px\" class=\"wp-caption alignright\"><a href=\"http:\/\/www.havermeyer.de\/wp-content\/uploads\/2015\/04\/Havermeyer_Ulrike.jpg\"><img decoding=\"async\" loading=\"lazy\" class=\"size-thumbnail wp-image-8\" src=\"http:\/\/www.havermeyer.de\/wp-content\/uploads\/2015\/04\/Havermeyer_Ulrike-150x150.jpg\" alt=\"Ulrike Havermeyer\" width=\"150\" height=\"150\" srcset=\"http:\/\/www.havermeyer.de\/wp-content\/uploads\/2015\/04\/Havermeyer_Ulrike-150x150.jpg 150w, http:\/\/www.havermeyer.de\/wp-content\/uploads\/2015\/04\/Havermeyer_Ulrike-300x300.jpg 300w, http:\/\/www.havermeyer.de\/wp-content\/uploads\/2015\/04\/Havermeyer_Ulrike.jpg 600w\" sizes=\"(max-width: 150px) 100vw, 150px\" \/><\/a><figcaption id=\"caption-attachment-8\" class=\"wp-caption-text\">Ulrike Havermeyer<\/figcaption><\/figure>\n<p>Ulrike Havermeyer, Jahrgang 1968. Studium f\u00fcr das Lehramt an Gymnasien in den F\u00e4chern Biologie und Deutsch. Staatsexamen. Volontariat bei der Neuen Osnabr\u00fccker Zeitung. Lokalredakteurin. Seit der Geburt von Sohn und Tochter als freie Journalistin unterwegs \u2013 und am liebsten nat\u00fcrlich: mittendrin im lokalen Geschehen.<\/p>\n<p>Ulrike Havermeyer<br \/>\nHeerstr. 63<br \/>\n49492 Westerkappeln<\/p>\n<p><a href=\"mailto:ulrike@havermeyer.de\">ulrike@havermeyer.de<\/a><\/p>\n","protected":false},"excerpt":{"rendered":"<p>Ulrike Havermeyer, Jahrgang 1968. Studium f\u00fcr das Lehramt an Gymnasien in den F\u00e4chern Biologie und Deutsch. Staatsexamen. Volontariat bei der Neuen Osnabr\u00fccker Zeitung. Lokalredakteurin. Seit der Geburt von Sohn und Tochter als freie Journalistin unterwegs [&hellip;]<\/p>\n","protected":false},"author":2,"featured_media":0,"parent":0,"menu_order":0,"comment_status":"closed","ping_status":"open","template":"","meta":{"_links_to":"","_links_to_target":""},"_links":{"self":[{"href":"http:\/\/www.havermeyer.de\/index.php?rest_route=\/wp\/v2\/pages\/7"}],"collection":[{"href":"http:\/\/www.havermeyer.de\/index.php?rest_route=\/wp\/v2\/pages"}],"about":[{"href":"http:\/\/www.havermeyer.de\/index.php?rest_route=\/wp\/v2\/types\/page"}],"author":[{"embeddable":true,"href":"http:\/\/www.havermeyer.de\/index.php?rest_route=\/wp\/v2\/users\/2"}],"replies":[{"embeddable":true,"href":"http:\/\/www.havermeyer.de\/index.php?rest_route=%2Fwp%2Fv2%2Fcomments&post=7"}],"version-history":[{"count":6,"href":"http:\/\/www.havermeyer.de\/index.php?rest_route=\/wp\/v2\/pages\/7\/revisions"}],"predecessor-version":[{"id":4011,"href":"http:\/\/www.havermeyer.de\/index.php?rest_route=\/wp\/v2\/pages\/7\/revisions\/4011"}],"wp:attachment":[{"href":"http:\/\/www.havermeyer.de\/index.php?rest_route=%2Fwp%2Fv2%2Fmedia&parent=7"}],"curies":[{"name":"wp","href":"https:\/\/api.w.org\/{rel}","templated":true}]}}